{"id":834,"date":"2024-04-12T18:41:24","date_gmt":"2024-04-12T18:41:24","guid":{"rendered":"https:\/\/www.outinhyvinvointi.fi\/?page_id=834"},"modified":"2024-04-13T10:59:41","modified_gmt":"2024-04-13T10:59:41","slug":"arctic-nutrition-tuotteet","status":"publish","type":"page","link":"https:\/\/www.outinhyvinvointi.fi\/index.php\/arctic-nutrition-tuotteet\/","title":{"rendered":"Arctic Nutrition\u00ae tuotteet"},"content":{"rendered":"<div><ss3-force-full-width data-overflow-x=\"body\" data-horizontal-selector=\"body\"><div class=\"n2-section-smartslider fitvidsignore \" data-ssid=\"15\"><div id=\"n2-ss-15-align\" class=\"n2-ss-align\"><div class=\"n2-padding\"><div id=\"n2-ss-15\" data-creator=\"Smart Slider 3\" data-responsive=\"fullwidth\" class=\"n2-ss-slider n2-ow n2-has-hover n2notransition  \">\n        <div class=\"n2-ss-slider-1 n2_ss__touch_element n2-ow\">\n            <div class=\"n2-ss-slider-2 n2-ow\">\n                                                    <div class=\"n2-ss-background-animation n2-ow\"><\/div>\n                                <div class=\"n2-ss-slider-3 n2-ow\">\n\n                    <div class=\"n2-ss-slide-backgrounds n2-ow-all\"><div class=\"n2-ss-slide-background\" data-public-id=\"1\" data-mode=\"fill\"><div class=\"n2-ss-slide-background-image\" data-blur=\"0\" data-opacity=\"100\" data-x=\"58\" data-y=\"27\" data-alt=\"\" data-title=\"\" style=\"--ss-o-pos-x:58%;--ss-o-pos-y:27%\"><picture class=\"skip-lazy\" data-skip-lazy=\"1\"><img decoding=\"async\" src=\"\/\/www.outinhyvinvointi.fi\/wp-content\/uploads\/slider15\/OutInArcticNutrition-tuotteetkuva3.png\" alt=\"\" title=\"\" loading=\"lazy\" class=\"skip-lazy\" data-skip-lazy=\"1\"><\/picture><\/div><div data-color=\"RGBA(255,255,255,0)\" style=\"background-color: RGBA(255,255,255,0);\" class=\"n2-ss-slide-background-color\"><\/div><\/div><div class=\"n2-ss-slide-background\" data-public-id=\"2\" data-mode=\"fill\"><div class=\"n2-ss-slide-background-image\" data-blur=\"0\" data-opacity=\"100\" data-x=\"50\" data-y=\"50\" data-alt=\"\" data-title=\"\"><picture class=\"skip-lazy\" data-skip-lazy=\"1\"><img decoding=\"async\" src=\"\/\/www.outinhyvinvointi.fi\/wp-content\/uploads\/2024\/04\/Out-In-Arctic-Nutrition-tuotteet-kuva-2-2-3.png\" alt=\"\" title=\"\" loading=\"lazy\" class=\"skip-lazy\" data-skip-lazy=\"1\"><\/picture><\/div><div data-color=\"RGBA(255,255,255,0)\" style=\"background-color: RGBA(255,255,255,0);\" class=\"n2-ss-slide-background-color\"><\/div><\/div><div class=\"n2-ss-slide-background\" data-public-id=\"3\" data-mode=\"fill\"><div class=\"n2-ss-slide-background-image\" data-blur=\"0\" data-opacity=\"100\" data-x=\"50\" data-y=\"50\" data-alt=\"\" data-title=\"\"><picture class=\"skip-lazy\" data-skip-lazy=\"1\"><img decoding=\"async\" src=\"\/\/www.outinhyvinvointi.fi\/wp-content\/uploads\/2024\/04\/Out-In-Arctic-Nutrition-tuotteet-kuva-1-2.png\" alt=\"\" title=\"\" loading=\"lazy\" class=\"skip-lazy\" data-skip-lazy=\"1\"><\/picture><\/div><div data-color=\"RGBA(255,255,255,0)\" style=\"background-color: RGBA(255,255,255,0);\" class=\"n2-ss-slide-background-color\"><\/div><\/div><\/div>                    <div class=\"n2-ss-slider-4 n2-ow\">\n                        <svg xmlns=\"http:\/\/www.w3.org\/2000\/svg\" viewBox=\"0 0 1200 600\" data-related-device=\"desktopPortrait\" class=\"n2-ow n2-ss-preserve-size n2-ss-preserve-size--slider n2-ss-slide-limiter\"><\/svg><div data-first=\"1\" data-slide-duration=\"0\" data-id=\"40\" data-slide-public-id=\"1\" data-title=\"OutInArcticNutrition-tuotteetkuva3\" class=\"n2-ss-slide n2-ow  n2-ss-slide-40\"><div role=\"note\" class=\"n2-ss-slide--focus\" tabindex=\"-1\">OutInArcticNutrition-tuotteetkuva3<\/div><div class=\"n2-ss-layers-container n2-ss-slide-limiter n2-ow\"><div class=\"n2-ss-layer n2-ow n-uc-xD7WWVIOq1gW\" data-sstype=\"slide\" data-pm=\"default\"><\/div><\/div><\/div><div data-slide-duration=\"0\" data-id=\"41\" data-slide-public-id=\"2\" data-title=\"OutInArcticNutrition-tuotteetkuva2-2\" class=\"n2-ss-slide n2-ow  n2-ss-slide-41\"><div role=\"note\" class=\"n2-ss-slide--focus\" tabindex=\"-1\">OutInArcticNutrition-tuotteetkuva2-2<\/div><div class=\"n2-ss-layers-container n2-ss-slide-limiter n2-ow\"><div class=\"n2-ss-layer n2-ow n-uc-Kp51CB8PILYv\" data-sstype=\"slide\" data-pm=\"default\"><\/div><\/div><\/div><div data-slide-duration=\"0\" data-id=\"42\" data-slide-public-id=\"3\" data-title=\"OutInArcticNutrition-tuotteetkuva1\" class=\"n2-ss-slide n2-ow  n2-ss-slide-42\"><div role=\"note\" class=\"n2-ss-slide--focus\" tabindex=\"-1\">OutInArcticNutrition-tuotteetkuva1<\/div><div class=\"n2-ss-layers-container n2-ss-slide-limiter n2-ow\"><div class=\"n2-ss-layer n2-ow n-uc-UT5EFxUjiNDv\" data-sstype=\"slide\" data-pm=\"default\"><\/div><\/div><\/div>                    <\/div>\n\n                                    <\/div>\n            <\/div>\n        <\/div>\n        <\/div><ss3-loader><\/ss3-loader><\/div><\/div><\/div><\/ss3-force-full-width><\/div>\n\n\n<p class=\"has-text-align-center\" style=\"font-size:22px\">Arktisen luonnon marjat ja yrtit ovat Arctic nutrition<strong>\u00ae<\/strong> tuotesarjan perusta. <\/p>\n\n\n\n<p class=\"has-text-align-center\" style=\"font-size:18px\">Laadukkaat ja kotimaiset ravintolis\u00e4t, joissa on hy\u00f6dynnetty suomalaisten marjojen hyvi\u00e4 ominaisuuksia. &nbsp;Raaka-aineet on poimittu&nbsp;ainutlaatuisimmilta&nbsp;ja puhtaimmilta&nbsp;alueilta.&nbsp;<\/p>\n\n\n<div class=\"wp-block-image\">\n<figure class=\"aligncenter size-large is-resized\"><img loading=\"lazy\" decoding=\"async\" src=\"https:\/\/www.outinhyvinvointi.fi\/wp-content\/uploads\/2024\/04\/Out-In-Arctic-Nutrition-tuotteet-1-1024x1024.png\" alt=\"\" class=\"wp-image-854\" width=\"768\" height=\"768\" srcset=\"https:\/\/www.outinhyvinvointi.fi\/wp-content\/uploads\/2024\/04\/Out-In-Arctic-Nutrition-tuotteet-1-1024x1024.png 1024w, https:\/\/www.outinhyvinvointi.fi\/wp-content\/uploads\/2024\/04\/Out-In-Arctic-Nutrition-tuotteet-1-300x300.png 300w, https:\/\/www.outinhyvinvointi.fi\/wp-content\/uploads\/2024\/04\/Out-In-Arctic-Nutrition-tuotteet-1-150x150.png 150w, https:\/\/www.outinhyvinvointi.fi\/wp-content\/uploads\/2024\/04\/Out-In-Arctic-Nutrition-tuotteet-1-768x768.png 768w, https:\/\/www.outinhyvinvointi.fi\/wp-content\/uploads\/2024\/04\/Out-In-Arctic-Nutrition-tuotteet-1.png 1080w\" sizes=\"(max-width: 768px) 100vw, 768px\" \/><\/figure><\/div>\n\n\n<p class=\"has-text-align-center\" style=\"font-size:18px\">Toimin <strong>Arctic nutrition<\/strong>\u00ae -tuotteiden itsen\u00e4isen\u00e4 edustajana. <\/p>\n\n\n\n<p class=\"has-text-align-center\" style=\"font-size:18px\"><strong>Kauttani saat tilattua tuotteita edullisemmin ja kotiin kuljetettuna.&nbsp;<\/strong><\/p>\n\n\n\n<p class=\"has-text-align-center\" style=\"font-size:18px\">Ota siis rohkeasti yhteytt\u00e4, kerron mielell\u00e4ni <strong><a href=\"https:\/\/www.outinhyvinvointi.fi\/index.php\/yhteydenottolomake\/\">lis\u00e4\u00e4<\/a> <\/strong>!<\/p>\n\n\n\n<p class=\"has-text-align-center\" style=\"font-size:18px\"> Arctic Nutrition tuotteet ovat ehdottomasti tutustumisen arvoisia.<\/p>\n\n\n\n<p class=\"has-text-align-center\">* * *<\/p>\n\n\n\n<p class=\"has-text-align-center\" style=\"font-size:22px\"><strong><a href=\"https:\/\/arcticnutrition.com\/ref\/EL891N\" target=\"_blank\" rel=\"noreferrer noopener\">Tilaa ja lue lis\u00e4\u00e4 t\u00e4st\u00e4<\/a><\/strong> \u2714<\/p>\n\n\n\n<p class=\"has-text-align-center\" style=\"font-size:18px\">Yll\u00e4 olevasta linkist\u00e4 p\u00e4\u00e4set tilaamaan tuotteita -10% alennuksella. <\/p>\n\n\n\n<p class=\"has-text-align-center\" style=\"font-size:18px\">Kauttani saat my\u00f6s <strong>jatkuvan tilauksen<\/strong>, jolloin alennus on jopa <strong>-30%<\/strong>.<\/p>\n\n\n\n<p class=\"has-text-align-center\" style=\"font-size:18px\">Laita minulle viesti\u00e4, niin kerron lis\u00e4\u00e4 n\u00e4ist\u00e4 tuotteista !<\/p>\n\n\n\n<div class=\"wp-block-buttons is-layout-flex wp-block-buttons-is-layout-flex\">\n<div class=\"wp-block-button aligncenter\"><a class=\"wp-block-button__link wp-element-button\" href=\"https:\/\/www.outinhyvinvointi.fi\/index.php\/yhteydenottolomake\/\">Yhteyslomake<\/a><\/div>\n<\/div>\n","protected":false},"excerpt":{"rendered":"<p>Arktisen luonnon marjat ja yrtit ovat Arctic nutrition\u00ae tuotesarjan perusta. Laadukkaat ja kotimaiset ravintolis\u00e4t, joissa on hy\u00f6dynnetty suomalaisten marjojen hyvi\u00e4 ominaisuuksia. &nbsp;Raaka-aineet on poimittu&nbsp;ainutlaatuisimmilta&nbsp;ja puhtaimmilta&nbsp;alueilta.&nbsp; Toimin Arctic nutrition\u00ae -tuotteiden itsen\u00e4isen\u00e4 edustajana. Kauttani saat tilattua tuotteita edullisemmin ja kotiin kuljetettuna.&nbsp; Ota siis rohkeasti yhteytt\u00e4, kerron mielell\u00e4ni lis\u00e4\u00e4 ! Arctic Nutrition tuotteet ovat ehdottomasti tutustumisen arvoisia. * [&hellip;]<\/p>\n","protected":false},"author":1,"featured_media":0,"parent":0,"menu_order":0,"comment_status":"closed","ping_status":"closed","template":"","meta":{"footnotes":""},"yoast_head":"<!-- This site is optimized with the Yoast SEO plugin v24.3 - https:\/\/yoast.com\/wordpress\/plugins\/seo\/ -->\n<title>Arctic Nutrition\u00ae tuotteet - Out In<\/title>\n<meta name=\"description\" content=\"Toimin Arctic Nutrition\u00ae -tuotteiden itsen\u00e4isen\u00e4 edustajana. Kauttani saat tilattua tuotteita edullisemmin ja kotiin kuljetettuna\" \/>\n<meta name=\"robots\" content=\"index, follow, max-snippet:-1, max-image-preview:large, max-video-preview:-1\" \/>\n<link rel=\"canonical\" href=\"https:\/\/www.outinhyvinvointi.fi\/index.php\/arctic-nutrition-tuotteet\/\" \/>\n<meta property=\"og:locale\" content=\"fi_FI\" \/>\n<meta property=\"og:type\" content=\"article\" \/>\n<meta property=\"og:title\" content=\"Arctic Nutrition\u00ae tuotteet - Out In\" \/>\n<meta property=\"og:description\" content=\"Toimin Arctic Nutrition\u00ae -tuotteiden itsen\u00e4isen\u00e4 edustajana. Kauttani saat tilattua tuotteita edullisemmin ja kotiin kuljetettuna\" \/>\n<meta property=\"og:url\" content=\"https:\/\/www.outinhyvinvointi.fi\/index.php\/arctic-nutrition-tuotteet\/\" \/>\n<meta property=\"og:site_name\" content=\"Out In\" \/>\n<meta property=\"article:modified_time\" content=\"2024-04-13T10:59:41+00:00\" \/>\n<meta property=\"og:image\" content=\"https:\/\/www.outinhyvinvointi.fi\/wp-content\/uploads\/2024\/04\/Out-In-Arctic-Nutrition-tuotteet-1-1024x1024.png\" \/>\n<meta name=\"twitter:card\" content=\"summary_large_image\" \/>\n<meta name=\"twitter:label1\" content=\"Arvioitu lukuaika\" \/>\n\t<meta name=\"twitter:data1\" content=\"1 minuutti\" \/>\n<script type=\"application\/ld+json\" class=\"yoast-schema-graph\">{\"@context\":\"https:\/\/schema.org\",\"@graph\":[{\"@type\":\"WebPage\",\"@id\":\"https:\/\/www.outinhyvinvointi.fi\/index.php\/arctic-nutrition-tuotteet\/\",\"url\":\"https:\/\/www.outinhyvinvointi.fi\/index.php\/arctic-nutrition-tuotteet\/\",\"name\":\"Arctic Nutrition\u00ae tuotteet - Out In\",\"isPartOf\":{\"@id\":\"https:\/\/www.outinhyvinvointi.fi\/#website\"},\"primaryImageOfPage\":{\"@id\":\"https:\/\/www.outinhyvinvointi.fi\/index.php\/arctic-nutrition-tuotteet\/#primaryimage\"},\"image\":{\"@id\":\"https:\/\/www.outinhyvinvointi.fi\/index.php\/arctic-nutrition-tuotteet\/#primaryimage\"},\"thumbnailUrl\":\"https:\/\/www.outinhyvinvointi.fi\/wp-content\/uploads\/2024\/04\/Out-In-Arctic-Nutrition-tuotteet-1-1024x1024.png\",\"datePublished\":\"2024-04-12T18:41:24+00:00\",\"dateModified\":\"2024-04-13T10:59:41+00:00\",\"description\":\"Toimin Arctic Nutrition\u00ae -tuotteiden itsen\u00e4isen\u00e4 edustajana. Kauttani saat tilattua tuotteita edullisemmin ja kotiin kuljetettuna\",\"breadcrumb\":{\"@id\":\"https:\/\/www.outinhyvinvointi.fi\/index.php\/arctic-nutrition-tuotteet\/#breadcrumb\"},\"inLanguage\":\"fi\",\"potentialAction\":[{\"@type\":\"ReadAction\",\"target\":[\"https:\/\/www.outinhyvinvointi.fi\/index.php\/arctic-nutrition-tuotteet\/\"]}]},{\"@type\":\"ImageObject\",\"inLanguage\":\"fi\",\"@id\":\"https:\/\/www.outinhyvinvointi.fi\/index.php\/arctic-nutrition-tuotteet\/#primaryimage\",\"url\":\"https:\/\/www.outinhyvinvointi.fi\/wp-content\/uploads\/2024\/04\/Out-In-Arctic-Nutrition-tuotteet-1.png\",\"contentUrl\":\"https:\/\/www.outinhyvinvointi.fi\/wp-content\/uploads\/2024\/04\/Out-In-Arctic-Nutrition-tuotteet-1.png\",\"width\":1080,\"height\":1080},{\"@type\":\"BreadcrumbList\",\"@id\":\"https:\/\/www.outinhyvinvointi.fi\/index.php\/arctic-nutrition-tuotteet\/#breadcrumb\",\"itemListElement\":[{\"@type\":\"ListItem\",\"position\":1,\"name\":\"Etusivu\",\"item\":\"https:\/\/www.outinhyvinvointi.fi\/\"},{\"@type\":\"ListItem\",\"position\":2,\"name\":\"Arctic Nutrition\u00ae tuotteet\"}]},{\"@type\":\"WebSite\",\"@id\":\"https:\/\/www.outinhyvinvointi.fi\/#website\",\"url\":\"https:\/\/www.outinhyvinvointi.fi\/\",\"name\":\"Out In\",\"description\":\"Liikunta ja hyvinvointipalvelut\",\"publisher\":{\"@id\":\"https:\/\/www.outinhyvinvointi.fi\/#organization\"},\"potentialAction\":[{\"@type\":\"SearchAction\",\"target\":{\"@type\":\"EntryPoint\",\"urlTemplate\":\"https:\/\/www.outinhyvinvointi.fi\/?s={search_term_string}\"},\"query-input\":{\"@type\":\"PropertyValueSpecification\",\"valueRequired\":true,\"valueName\":\"search_term_string\"}}],\"inLanguage\":\"fi\"},{\"@type\":\"Organization\",\"@id\":\"https:\/\/www.outinhyvinvointi.fi\/#organization\",\"name\":\"Out In\",\"url\":\"https:\/\/www.outinhyvinvointi.fi\/\",\"logo\":{\"@type\":\"ImageObject\",\"inLanguage\":\"fi\",\"@id\":\"https:\/\/www.outinhyvinvointi.fi\/#\/schema\/logo\/image\/\",\"url\":\"https:\/\/www.outinhyvinvointi.fi\/wp-content\/uploads\/2022\/09\/cropped-Out-In-hyvinvointi-logo-2.png\",\"contentUrl\":\"https:\/\/www.outinhyvinvointi.fi\/wp-content\/uploads\/2022\/09\/cropped-Out-In-hyvinvointi-logo-2.png\",\"width\":300,\"height\":181,\"caption\":\"Out In\"},\"image\":{\"@id\":\"https:\/\/www.outinhyvinvointi.fi\/#\/schema\/logo\/image\/\"}}]}<\/script>\n<!-- \/ Yoast SEO plugin. -->","yoast_head_json":{"title":"Arctic Nutrition\u00ae tuotteet - Out In","description":"Toimin Arctic Nutrition\u00ae -tuotteiden itsen\u00e4isen\u00e4 edustajana. Kauttani saat tilattua tuotteita edullisemmin ja kotiin kuljetettuna","robots":{"index":"index","follow":"follow","max-snippet":"max-snippet:-1","max-image-preview":"max-image-preview:large","max-video-preview":"max-video-preview:-1"},"canonical":"https:\/\/www.outinhyvinvointi.fi\/index.php\/arctic-nutrition-tuotteet\/","og_locale":"fi_FI","og_type":"article","og_title":"Arctic Nutrition\u00ae tuotteet - Out In","og_description":"Toimin Arctic Nutrition\u00ae -tuotteiden itsen\u00e4isen\u00e4 edustajana. Kauttani saat tilattua tuotteita edullisemmin ja kotiin kuljetettuna","og_url":"https:\/\/www.outinhyvinvointi.fi\/index.php\/arctic-nutrition-tuotteet\/","og_site_name":"Out In","article_modified_time":"2024-04-13T10:59:41+00:00","og_image":[{"url":"https:\/\/www.outinhyvinvointi.fi\/wp-content\/uploads\/2024\/04\/Out-In-Arctic-Nutrition-tuotteet-1-1024x1024.png","type":"","width":"","height":""}],"twitter_card":"summary_large_image","twitter_misc":{"Arvioitu lukuaika":"1 minuutti"},"schema":{"@context":"https:\/\/schema.org","@graph":[{"@type":"WebPage","@id":"https:\/\/www.outinhyvinvointi.fi\/index.php\/arctic-nutrition-tuotteet\/","url":"https:\/\/www.outinhyvinvointi.fi\/index.php\/arctic-nutrition-tuotteet\/","name":"Arctic Nutrition\u00ae tuotteet - Out In","isPartOf":{"@id":"https:\/\/www.outinhyvinvointi.fi\/#website"},"primaryImageOfPage":{"@id":"https:\/\/www.outinhyvinvointi.fi\/index.php\/arctic-nutrition-tuotteet\/#primaryimage"},"image":{"@id":"https:\/\/www.outinhyvinvointi.fi\/index.php\/arctic-nutrition-tuotteet\/#primaryimage"},"thumbnailUrl":"https:\/\/www.outinhyvinvointi.fi\/wp-content\/uploads\/2024\/04\/Out-In-Arctic-Nutrition-tuotteet-1-1024x1024.png","datePublished":"2024-04-12T18:41:24+00:00","dateModified":"2024-04-13T10:59:41+00:00","description":"Toimin Arctic Nutrition\u00ae -tuotteiden itsen\u00e4isen\u00e4 edustajana. Kauttani saat tilattua tuotteita edullisemmin ja kotiin kuljetettuna","breadcrumb":{"@id":"https:\/\/www.outinhyvinvointi.fi\/index.php\/arctic-nutrition-tuotteet\/#breadcrumb"},"inLanguage":"fi","potentialAction":[{"@type":"ReadAction","target":["https:\/\/www.outinhyvinvointi.fi\/index.php\/arctic-nutrition-tuotteet\/"]}]},{"@type":"ImageObject","inLanguage":"fi","@id":"https:\/\/www.outinhyvinvointi.fi\/index.php\/arctic-nutrition-tuotteet\/#primaryimage","url":"https:\/\/www.outinhyvinvointi.fi\/wp-content\/uploads\/2024\/04\/Out-In-Arctic-Nutrition-tuotteet-1.png","contentUrl":"https:\/\/www.outinhyvinvointi.fi\/wp-content\/uploads\/2024\/04\/Out-In-Arctic-Nutrition-tuotteet-1.png","width":1080,"height":1080},{"@type":"BreadcrumbList","@id":"https:\/\/www.outinhyvinvointi.fi\/index.php\/arctic-nutrition-tuotteet\/#breadcrumb","itemListElement":[{"@type":"ListItem","position":1,"name":"Etusivu","item":"https:\/\/www.outinhyvinvointi.fi\/"},{"@type":"ListItem","position":2,"name":"Arctic Nutrition\u00ae tuotteet"}]},{"@type":"WebSite","@id":"https:\/\/www.outinhyvinvointi.fi\/#website","url":"https:\/\/www.outinhyvinvointi.fi\/","name":"Out In","description":"Liikunta ja hyvinvointipalvelut","publisher":{"@id":"https:\/\/www.outinhyvinvointi.fi\/#organization"},"potentialAction":[{"@type":"SearchAction","target":{"@type":"EntryPoint","urlTemplate":"https:\/\/www.outinhyvinvointi.fi\/?s={search_term_string}"},"query-input":{"@type":"PropertyValueSpecification","valueRequired":true,"valueName":"search_term_string"}}],"inLanguage":"fi"},{"@type":"Organization","@id":"https:\/\/www.outinhyvinvointi.fi\/#organization","name":"Out In","url":"https:\/\/www.outinhyvinvointi.fi\/","logo":{"@type":"ImageObject","inLanguage":"fi","@id":"https:\/\/www.outinhyvinvointi.fi\/#\/schema\/logo\/image\/","url":"https:\/\/www.outinhyvinvointi.fi\/wp-content\/uploads\/2022\/09\/cropped-Out-In-hyvinvointi-logo-2.png","contentUrl":"https:\/\/www.outinhyvinvointi.fi\/wp-content\/uploads\/2022\/09\/cropped-Out-In-hyvinvointi-logo-2.png","width":300,"height":181,"caption":"Out In"},"image":{"@id":"https:\/\/www.outinhyvinvointi.fi\/#\/schema\/logo\/image\/"}}]}},"_links":{"self":[{"href":"https:\/\/www.outinhyvinvointi.fi\/index.php\/wp-json\/wp\/v2\/pages\/834"}],"collection":[{"href":"https:\/\/www.outinhyvinvointi.fi\/index.php\/wp-json\/wp\/v2\/pages"}],"about":[{"href":"https:\/\/www.outinhyvinvointi.fi\/index.php\/wp-json\/wp\/v2\/types\/page"}],"author":[{"embeddable":true,"href":"https:\/\/www.outinhyvinvointi.fi\/index.php\/wp-json\/wp\/v2\/users\/1"}],"replies":[{"embeddable":true,"href":"https:\/\/www.outinhyvinvointi.fi\/index.php\/wp-json\/wp\/v2\/comments?post=834"}],"version-history":[{"count":30,"href":"https:\/\/www.outinhyvinvointi.fi\/index.php\/wp-json\/wp\/v2\/pages\/834\/revisions"}],"predecessor-version":[{"id":894,"href":"https:\/\/www.outinhyvinvointi.fi\/index.php\/wp-json\/wp\/v2\/pages\/834\/revisions\/894"}],"wp:attachment":[{"href":"https:\/\/www.outinhyvinvointi.fi\/index.php\/wp-json\/wp\/v2\/media?parent=834"}],"curies":[{"name":"wp","href":"https:\/\/api.w.org\/{rel}","templated":true}]}}